 = 0. Let f be x/(-6) + (-25)/15. Let q(m) = m + 1. Calculate q(f).
0
Let c be (17 - 18)/(2 - 1). Let s(k) = 10*k**2. Calculate s(c).
10
Let a(z) be the second derivative of 2*z + 0 + 2*z**2 + 1/20*z**5 + 1/6*z**3 - 1/3*z**4. Determine a(3).
-2
Suppose -p + 3*p + 2*z = -2, -2*z = -4*p + 26. Let f be ((-6)/p)/((-3)/(-6)). Let q(y) = -y**3 - y**2 + 3*y - 3. Determine q(f).
6
Let s(z) = z**3 - 4*z**2 + 4*z - 2. Let f be ((-4)/(-2))/2 + -5. Suppose 4*c + 4 = -4. Let w = c - f. Determine s(w).
-2
Let r(p) = -p**2 + 5*p - 1. Let m be r(5). Let l(z) = -z**3 - 4*z**2 + 5*z + 3. Let s be l(-5). Let y(o) = 2*o**2 - o + o**2 - 2*o**2 - s*o**2. What is y(m)?
-1
Let c(x) be the first derivative of -x**3/3 - 2*x**2 - 3*x - 7. Give c(-4).
-3
Let u(g) = -g**2 - 5*g + 3. Let s be u(-5). Let j be 2/(-3) - 10/3. Let z(x) = -x - 6. Let f(k) = -k - 7. Let r(q) = j*z(q) + 3*f(q). Determine r(s).
6
Let a(y) = 3*y. Suppose 6*o = 3*o - 3. Determine a(o).
-3
Let i(z) = 0 + 0*z - 3*z**3 + 4*z**3 + 5*z + 6*z**2 + 1. Determine i(-4).
13
Suppose -10*u = 3*u + 39. Let x(q) = q**2 + 4*q - 2. What is x(u)?
-5
Let x = 102 + -102. Let v(a) = -a**2 - 4. Calculate v(x).
-4
Let q(j) = -j + 2*j + 3 + 0. Let w(k) = k + 1. Let v(t) = -q(t) + 4*w(t). Determine v(-1).
-2
Let l(r) = -r - 11. Let c be l(-11). Let j(m) = c*m + 6*m - 5*m + 1. Determine j(-5).
-4
Let q(p) be the first derivative of p**4/12 - p**3/3 + 2*p + 1. Let f(u) be the first derivative of q(u). Give f(2).
0
Let f(q) = -4*q + 0*q - 2 + 3*q + 2*q. Calculate f(5).
3
Let d(t) = -t**3 + 3*t**2 - 2*t + 2. Let o = 106 + -103. What is d(o)?
-4
Let s = 2 + 2. Let y(v) be the second derivative of -v**5/20 + v**4/4 + 5*v**3/6 + v. What is y(s)?
4
Let o = 22 + 9. Suppose 3*a = 5*q + o, -2*a - 5*q - 15 = 3*a. Let i(d) = -2*d - 2. Determine i(a).
-6
Let g(h) = -h. Let z(i) = 7*i + 1. Let q(m) = -6*g(m) - z(m). Suppose -1 = 4*o + 3. Let a(d) = -3*d - 6. Let r(w) = o*a(w) + 5*q(w). Give r(-4).
9
Let q be (-4)/((-8)/(-6)) - (-2 + -4). Let x(i) be the first derivative of -i**4/4 + i**3 + 3*i**2/2 + 2*i + 1. Give x(q).
11
Let d(c) = 15*c**2 - c + 1 - 14*c**2 - 8*c + 8*c. Let n = -6 + 9. Calculate d(n).
7
Let g(i) = -i. Let w(p) = -p**2 + 6*p - 2. Let z(b) = -6*g(b) - w(b). Let x be 4/20 - (-1)/(-5). Give z(x).
2
Let c(g) = 4*g + 6*g**2 - 2*g - 4*g + 1. Let p(x) = x**2 + 13*x + 1. Let s be p(-13). Calculate c(s).
5
Let r(b) = -5*b**2 + 3*b - 2. Let i(c) = 6*c**2 - 2*c + 3. Let d(g) = 4*i(g) + 5*r(g). What is d(6)?
8
Let a be 5 + (2 - 6) + -1. Let g(m) be the second derivative of 2*m - 1/20*m**5 + m**2 - 1/6*m**4 + a - 1/3*m**3. Determine g(-2).
6
Let a(i) = i**2 + i. Suppose 5*o = o - 3*s - 7, 5*o + 2 = 3*s. What is a(o)?
0
Let g(y) = -5*y**2 - 4*y - 18. Let w(n) = 2*n**2 + n + 6. Let q(d) = 3*g(d) + 8*w(d). Let r(b) be the first derivative of q(b). Determine r(4).
4
Let j = 36 + -32. Let t(o) = -o - 4. Calculate t(j).
-8
Let m = 0 + 5. Suppose 1 = -y - m. Let p(n) = -n - 12. Give p(y).
-6
Suppose 9*f = 5*f + 12. Let a(r) = 3*r + 2. What is a(f)?
11
Let f(k) be the second derivative of k**3/6 + 3*k**2/2 - 7*k. Calculate f(-6).
-3
Let x(s) = 3*s**2 - 7*s + 1. Let a(l) = -l**2 - 1. Let v(p) = -4*a(p) - x(p). Let k = -16 + 10. Give v(k).
-3
Let c(d) = -d + 0*d + 2*d + 4 - 5. What is c(4)?
3
Let i(l) = -l**3 - 9*l + 15. Let m be i(2). Let b(d) = -d - 14. Determine b(m).
-3
Let n(q) = 3*q - 2 + 2*q - q**2 + 0*q. Give n(6).
-8
Let x(y) = 10*y - 2. Let c(a) = 5*a - 1. Let z(j) = -5*c(j) + 2*x(j). Let g = -5 - -10. Suppose -5*n = -n + 16, 0 = -g*o - n + 6. What is z(o)?
-9
Let u(x) = x**3 + 3*x**2 - x. Suppose 7*s = -0*s - 21. What is u(s)?
3
Let k(s) = 3*s - 19. Let w be k(6). Let n(v) = -5*v + 1. Determine n(w).
6
Let c(t) = -10*t - 4. Let v(h) = h + 1. Let l(b) = c(b) + 5*v(b). Let r(x) = x**3 - 8*x**2 + 5*x + 10. Let i be r(7). Let p = i + 5. What is l(p)?
-4
Let m be (42/(-24))/((-1)/4). Let c = m + -4. Let o be (3 - c)/(2/2). Let u(v) = -v - 5. Calculate u(o).
-5
Let z = -8 - -10. Suppose -r = -z*r. Let s(l) = -l**2 + l - 10. Calculate s(r).
-10
Let p(q) be the second derivative of 0 + 1/6*q**3 + q**2 + 5*q. Determine p(3).
5
Let m(v) be the second derivative of -v**3/6 - v**2 - v. Suppose 5*r - 4*g = -25, -r + 5*r + 4*g + 20 = 0. What is m(r)?
3
Suppose -9*t = -16*t - 21. Let j(r) = -6*r - 1. Let n(d) = -1. Let g(w) = 2*w - 3. Let s(q) = g(q) - 3*n(q). Let b(k) = -2*j(k) - 7*s(k). Give b(t).
8
Let c(k) = k + 10. Let t be 4/(-30) + 8/60. What is c(t)?
10
Let d(t) = -3*t**3 + 8*t**2 + t + 7. Let g(p) = -4*p**3 + 8*p**2 + 2*p + 7. Let z(u) = 3*d(u) - 2*g(u). Give z(8).
-1
Let b(f) = -f**3 + 6*f**2 - 4*f - 7. Suppose -3*z = -2*z - 5. What is b(z)?
-2
Let f be (2 - (-7)/(-3))*-6. Let r be 1*3/(-6)*-12. Suppose -f*p = p + r. Let x(a) = -a**3 - 3*a**2 + a. Calculate x(p).
-6
Let h(o) = o**3 - 2*o**2 - 3*o - 1. Let r be h(3). Let l be r*(-1 + 2 + -1). Let f(c) = 0*c - 1 + l - 5*c. Give f(2).
-11
Let k be (-12)/6*(1 - 3). Let h(p) be the first derivative of p**2/2 - 2*p + 4. Determine h(k).
2
Let m(p) = -p**2 - 1. Let n(b) = 4*b**2 - 7*b - 3. Let i(l) = 5*m(l) + n(l). What is i(-6)?
-2
Let i(s) = s**3 + 4*s**2 + 3*s + 1. Let k(w) = -5*w - 10. Let z = 4 + 3. Let f(t) = 6*t + 10. Let a(c) = z*k(c) + 6*f(c). Let v be a(7). What is i(v)?
1
Let t(s) = 3*s + 2*s**2 - s**3 + 0*s**2 + 5 - 11 + 3. Calculate t(3).
-3
Let k(w) be the second derivative of -w**5/20 - w**4/6 - w**3/6 - w**2 + 5*w. Calculate k(-3).
10
Let w(m) = -m**3 + 6*m**2 - 2*m - 6. Let d(t) = t + 9. Let r be d(-4). What is w(r)?
9
Let m(z) be the second derivative of 0 - 1/2*z**4 + 1/20*z**5 - 3/2*z**2 + z**3 - 6*z. Give m(5).
2
Let k be 17/18 + (-30)/(-135). Let l(o) be the third derivative of 0*o - 1/60*o**5 + 0 - k*o**3 + 2*o**2 - 5/24*o**4. What is l(-5)?
-7
Let w(r) = r + 1. Let l(i) be the third derivative of 0*i + 1/8*i**4 + 1/2*i**3 + 0 + 3*i**2. Let k(v) = -6*l(v) + 17*w(v). Calculate k(6).
-7
Let g(z) = -1. Let o(u) = -4*u + 3. Let v(w) = 2*g(w) + o(w). Let h(m) = -7*m + 2. Let n(d) = 3*h(d) - 5*v(d). Calculate n(0).
1
Let z(n) be the third derivative of 5*n**2 + 1/12*n**4 + 0*n - n**3 + 1/60*n**5 + 0. Determine z(-5).
9
Let z(q) = q + 3. Let j be z(6). Suppose 0 = 3*o + o + v - 9, 2*o - j = v. Suppose 5 = 3*a - 4*c - 6, -o*a + 5*c + 10 = 0. Let u(w) = w**2 - 5*w. Give u(a).
0
Let k(t) = t**3 - t**2. Let g be k(1). Let o(m) = -4 - 3 - m**2 + 3 - m - m**3. Give o(g).
-4
Let t(w) = -2*w. Let n be t(2). Let k = 5 + n. Let z(m) = 4*m + 1. Calculate z(k).
5
Suppose 2*r - 27 + 35 = 0. Let k(v) = v**3 + 4*v**2 - v + 4. Determine k(r).
8
Let b(a) = a**3 - 2. Let x(g) = -g - 9. Let i be x(-12). Suppose z + 4*v - 3*v - 2 = 0, i*v - 7 = -2*z. Let j be (1 + z)/((-12)/(-4)). Calculate b(j).
-2
Let h(m) = -7*m - 6. Let r(q) = 6*q + 6. Let g(d) = -2*h(d) - 3*r(d). Give g(-4).
10
Let l(q) = -q**3 + 3*q**2 + 5*q - 1. Suppose 0 = -2*z + 6, -2*n - 2*z = -5*z + 1. Let s = n + -8. Let h be (s/12)/(1/(-12)). Determine l(h).
3
Let f(b) = b**2 - 7*b - 24. Let a be f(10). Let c(n) = -n**2 + 7*n - 6. Give c(a).
0
Let w(y) be the third derivative of -y**5/60 + y**4/12 + y**3/3 + 3*y**2. Let h be w(4). Let d(s) = -s**3 - 7*s**2 - 4*s + 8. Calculate d(h).
-4
Let d(g) = g**3 - g. Suppose c = -5*x + 9, -c + 8*x = 3*x + 11. Give d(c).
0
Let m(q) = 4*q**3 - 2*q**2 - q - 2. Let f(n) = 3*n**3 - 3*n**2 - 2*n - 1. Let c(g) = 5*f(g) - 4*m(g). Let a be (-3)/((1 - 0)/2). Determine c(a).
3
Let s(w) = -2*w**2 + 18*w + 1. Let l be s(9). Let q(y) = 0 - 2 + 3. Let h(a) = 9*a - 3. Let d(x) = h(x) + 2*q(x). Give d(l).
8
Let n(z) = z + 7. Let h be n(-3). Let q be (-340)/(-51)*(-6)/(-4). Let l(u) = -h + 0*u - 9*u + q - u**2 + 3*u. Determine l(-5).
11
Let q(b) be the third derivative of -b**9/60480 - b**8/3360 - b**7/840 - b**6/720 - b**5/30 - b**2. Let i(j) be the third derivative of q(j). Give i(-5).
4
Let r(w) be the second derivative of w**7/840 + w**5/120 + 11*w**4/24 - 4*w**3/3 + 2*w. Let c(h) be the second derivative of r(h). Give c(0).
11
Let f(d) = 2*d**3 - 2*d + 1. Suppose -3*s = -4*w - 7*s, 3*w - 7 = 4*s. Calculate f(w).
1
Let i = 59 - 58. Let b(q) = -7*q**3 + q**2. What is b(i)?
-6
Let g(i) = 1. Let j(a) = 2*a - 16. Let m(u) = 12*g(u) + j(u). What is m(3)?
2
Let t(y) = y**2 + 4*y + 1. Suppose 0*l - 2*l = 0. Supp